x = 3*b + 2*b - 83, -8 = 2*x. Is b a composite number?
False
Let k be (-1 + -1 + 0)*-3. Let s(n) = -n**3 + 8*n**2 - 9*n + 8. Let h be s(k). Is (h/6)/(1/3) prime?
True
Let w = 0 + -2. Is 118 - 3*(w - -3) composite?
True
Suppose -11963 = -0*j - 4*j + 5*o, -2*j - 5*o + 5959 = 0. Is j prime?
False
Let v(b) = 76*b**2 - b. Let w be v(1). Let k = 160 - w. Is k prime?
False
Let h = 95 + -30. Is h composite?
True
Let r(b) = -b + 2. Let j be r(5). Let g = 11 - j. Is g a composite number?
True
Let q = -1448 + 3069. Is q composite?
False
Let r be (1*6/(-3))/2. Let m be (r/(-2))/(6/(-48)). Is 58 - (-1 - 1*m) prime?
False
Let q = 5 - -140. Is q prime?
False
Let b(m) = 8*m**2 + 3*m + 4. Suppose 0 = -7*i + 3*i + 12. Is b(i) composite?
True
Let x(o) = o**2 - 11*o + 1. Let b be x(11). Is (b + 1)/(4/518) composite?
True
Suppose -6*n + 2*n - t = -7, -4 = -n + 2*t. Suppose -3*d + 3*z = 4*z - 270, n*z + 461 = 5*d. Suppose -a - 31 = -x + a, d = 4*x + 3*a. Is x composite?
True
Let q = 3 - 4. Is q - (-3 + 6 - 41) composite?
False
Let d(j) be the second derivative of 0 - 7/2*j**2 - 1/12*j**4 - 3/2*j**3 - 2*j. Is d(-7) a composite number?
False
Let v be (2/(-1))/(3 + -4). Let s be 2 + (v - -3) + 1. Let x = 6 + s. Is x a prime number?
False
Let r = 3012 + -1759. Is r composite?
True
Suppose 3*w + 1311 = 4*i, -3*i - 4*w + 1524 - 572 = 0. Let m = i - 179. Is m a composite number?
True
Suppose 4*a = 3*r - 8*r + 2219, -2213 = -4*a - 3*r. Is a composite?
True
Suppose -2*t = 3*t + 285. Let g be t*1/(0 + -1). Let r = g + -38. Is r prime?
True
Let p(t) = 5*t**2 - 4*t**2 + 3*t**2 - t. Suppose v - 4*v = -15. Is p(v) a composite number?
True
Let p = -5 + 0. Let v be 2*((-75)/2)/p. Is 4/10 - (-729)/v composite?
True
Suppose 4*v = 4*r - 1343 + 339, 0 = -4*v + 5*r - 1001. Let f = 26 + -23. Is v/f*(-3)/2 prime?
True
Let r be 5 + 2/6*3. Let t = 0 - -3. Suppose -39 = -2*v + 5*j, -5*v + r = -2*v + t*j. Is v a composite number?
False
Suppose -9 = 3*p, -a = -0*a - 4*p + 56. Let l = a + 155. Is l a prime number?
False
Let w(i) = -12 - 12*i - 4*i**3 - 10*i**2 + 5*i**3 - 2*i**3. Suppose -4*n - 16 = -5*k, 19 = -3*n - 2*k + 4*k. Is w(n) a composite number?
True
Suppose -f - 3*h + 83 = 3*f, 4*f = 4*h + 76. Suppose f = -3*q + 221. Is q a prime number?
True
Suppose -5*f = -104 - 1. Is f a composite number?
True
Let a(c) = -c + 11. Let i be a(6). Suppose -25 = i*q - 270. Is q a prime number?
False
Let u(f) = -f**3 + 27*f**2 + 4. Is u(17) composite?
True
Let n be (-62)/22 + 4/(-22). Is 1/(616/(-206) - n) a composite number?
False
Let v be 1/(4 + -3)*3. Suppose -u = 5*m - 1092, u - 654 = -v*m - 0*u. Is m a prime number?
False
Suppose 0 = 5*s + 3*o - 2950, 5*s = o + 1552 + 1378. Is s composite?
False
Let x = -9 + 9. Suppose x = 2*v + 2*v - 124. Is v prime?
True
Let k be (4/(-6))/((-6)/90). Suppose t = -t + k. Suppose -h = -t*h + 212. Is h composite?
False
Let y(q) = -q - 10. Let i(u) = -u - 9. Let l(n) = -7*i(n) + 6*y(n). Let w be l(-9). Is -3*w/(-9) + 79 prime?
False
Suppose 0 = -0*u - 15*u + 30675. Is u a composite number?
True
Let c be 3*2 - -1 - 2. Suppose 5*s - 24 = -c*k + 21, -2*k + 2 = -2*s. Suppose -5*i + 141 = 4*b, s*i + 4*b - 116 = -0*i. Is i a composite number?
True
Suppose 6*q + 850 = q + 4*i, -3*i = q + 170. Let u = -37 - q. Is u prime?
False
Is 12/(-42) - (-65164)/28 composite?
True
Let x(g) = -12*g - 2. Let u be x(-2). Is -1 + (u - 0/(-1)) a prime number?
False
Let h = -1629 + 2372. Is h a composite number?
False
Let x be (-4)/((0 + -2)/2). Suppose 464 = x*p - 548. Is p composite?
True
Suppose 4*d = -a - 5, -3*d - 20 = -3*a + 5*a. Let u = 174 - a. Is u composite?
True
Let v = 82 - 44. Let m = -1 + v. Is m composite?
False
Let d = -23 - -36. Let c = 44 - d. Is c prime?
True
Let r(s) = -4*s + 5. Let v(k) = -k**3 - 3*k**2 + 2*k + 1. Let g be v(2). Let n be -2*3*(-10)/g. Is r(n) prime?
False
Let d = -8 + 11. Suppose d*x = 5*x - 6. Suppose j + x*j - 374 = -5*t, t - 275 = -3*j. Is j composite?
True
Suppose 4*x - 2*x = -2*t + 652, -972 = -3*t - 5*x. Is t a prime number?
False
Suppose 4*j - i - 44 = -5*i, 2*j + i - 18 = 0. Let q = 33 - j. Is q a composite number?
True
Let d(n) = n**3 - 3*n**2 - 9*n - 25. Is d(12) composite?
False
Suppose 0 = 4*x - 73 - 827. Let o = x + -76. Is o composite?
False
Suppose -3*q + 948 = -630. Is q composite?
True
Suppose 2*l = 3*l - 311. Let s = l + -214. Is s a composite number?
False
Suppose -100 = -5*z + 5*p, -3*z - 3*p - p + 74 = 0. Suppose -2*o + 2*w = -0 - 2, 2*w - z = -4*o. Suppose -3*y - o*b + 387 = -6*b, 5*b - 539 = -4*y. Is y prime?
True
Let t = 1 - -3. Suppose -u - t*u = 4*h - 126, -3*u - h + 70 = 0. Suppose -2*l = -216 + u. Is l a composite number?
False
Suppose 0 = -5*b - 10 - 5. Let y(x) = -4*x - 2. Let o be y(b). Is (1 + o)/(2/10) composite?
True
Let h be (0 + -1)/((-1)/2). Suppose -h*n = -0*n. Is n + (-2 - -2 - -31) a composite number?
False
Suppose -5*n = -5*x + x - 1, 2*n = 2*x - 2. Let i = x - -7. Is i a prime number?
True
Let z(v) = 18*v + 59. Is z(8) prime?
False
Let p(i) = i**2 - 11*i + 8. Let a be p(10). Is (1 + 0)*(a - -73) composite?
False
Let o = -1173 + 1672. Is o a composite number?
False
Suppose -3483 - 823 = -2*w. Is w a composite number?
False
Is 3021*((-3)/(-9) + -4 - -4) a composite number?
True
Let l = 33 + 46. Is l composite?
False
Suppose 0 = 5*h - 0*h + 205. Let a = h - -154. Is a a prime number?
True
Suppose 4*j - 2*p = -5*p - 3, 0 = -2*p - 2. Suppose 4*y - 373 - 223 = j. Is y composite?
False
Suppose 5*v - 234 = 2*u, -4*v + 201 = 3*u + 23. Is v a prime number?
False
Let n(u) = u + 1. Let d be n(-1). Is (d + -1)*(-85 - 8) prime?
False
Suppose 3*z - 7*z - 16 = 0. Let g be (-13)/3 + z/6. Is g/(-1*(-1)/(-7)) prime?
False
Suppose 2*r = 5*b - 13, -4*r + 2*b = -0*b + 34. Let w be -1 - -2 - (-20)/(-2). Is 2/r + (-749)/w composite?
False
Is (-98)/(-4 - (-3 + 1)) a composite number?
True
Let l(v) = 1. Let u(a) = -a**2 + 11*a - 9. Let p(r) = 2*l(r) + u(r). Let f be p(10). Suppose -4*j + f*k = -41, j = -0*j + 3*k - 1. Is j prime?
False
Let t = -1 + 2. Let o be t + -4 + (1 - 1). Let b = 8 - o. Is b prime?
True
Suppose -d - 9 = -4*d. Is (0 - d)*-30 - 3 prime?
False
Let m = -353 + 1254. Is m composite?
True
Is (-7)/((-21)/222) - 3 composite?
False
Let j = -5 - -6. Is j + -2 + 0 + 180 a composite number?
False
Suppose 4*p - c - 2343 = 0, -3*p - 2928 = -8*p + 2*c. Is (-4)/6 + p/6 a composite number?
False
Suppose -3*r + 93 = -0*r. Suppose -4*d = 5*m + r, -d + 12 = -m + 4*d. Let w(v) = v**3 + 6*v**2 - 9*v - 5. Is w(m) a composite number?
True
Suppose -3*k + 0*k = 4*i + 30, -4*i - 18 = -3*k. Let q = i + 10. Suppose -3*p + 5*w = -q*p + 15, 0 = 5*p - 5*w - 195. Is p a prime number?
False
Let s = -8 + 12. Let k(m) = -m**3 + 5*m**2 - 4*m - 2. Let u be k(s). Is 5*4 - (u + 0) a composite number?
True
Let p = 679 + -324. Suppose y + 1764 = 4*y. Let n = y - p. Is n a prime number?
True
Let n be 3*-1 + 2 + 0. Let y be 5/(n/(-1)) - 2. Is (2 - y)/(1/(-59)) prime?
True
Is 4 - 2 - (-372 + 1) a composite number?
False
Suppose 4*z + 3*d = 26, z + 3*d - 6*d = -1. Suppose 2*v + 0*v = -2*s - 58, 0 = -4*v + z*s - 80. Let m = -15 - v. Is m a composite number?
True
Let o be (1 - 4) + (-1880)/(-8). Suppose 0 = -3*f + o - 1. Is f composite?
True
Suppose 5*o = 8 + 7. Suppose 5*y - 230 = w - 43, -o*y - 2*w = -107. Is y prime?
True
Is -1*-158*(-4)/(-8) prime?
True
Let b(r) = 8*r - r - r + 5. Suppose -4*d - 2*n + 6 + 6 = 0, 3*n = 4*d - 32. Is b(d) prime?
False
Suppose -5*k - f + 1234 = 0, k + 5*f = -0*f + 242. Is k prime?
False
Is (-4)/((-20)/(-6245))*(0 + -1) a prime number?
True
Let t be -6 - -5 - 3/1. Let z = -1 - t. Suppose 4*b = -2*v + 350, z*v = 4*b - b - 276. Is b prime?
True
Let u = 1880 - -281. Is u a composite number?
False
Suppose 3*q = -2*q - 10. Let h(z) = 37*z**3 - 3*z**2 - z + 2. Let b be h(q). Let y = b + 507. Is y a prime number?
False
Suppose -w + 3*w = -g + 42, 2*w = g - 26. Is g a prime number?
False
Is 2*((-1865)/(-10) + 0) a composite number?
False
Suppose 0*v = -3*l + v - 9, 3*l = 5*v - 21. Let d be (l/3)/((-2)/(-564)). Let u = -95 - d. Is u a composite number?
True
Suppose 2*x - 1 = 3. Suppose -a - 268 = -6*a - 3*b, 210 = 4*a - x*b. Suppose 2*k - a = 4*i - 177, -k = -4*i + 124. Is i a composite number?
False
Suppose -4*m + 13890 + 2522 = 0. Is 